-210221211120020 + 11?
-210221211120002
In base 10, what is 9807270 + -5?
9807265
In base 15, what is -2 + -2b2d0c?
-2b2d0e
In base 12, what is -51a08 - -1300?
-50708
In base 13, what is -b - -92c363a?
92c362c
In base 7, what is -20551531 + 5?
-20551523
In base 8, what is -3033 + -16424?
-21457
In base 3, what is 10011001222000012 + 0?
10011001222000012
In base 15, what is -3ee5352 - -5?
-3ee534c
In base 11, what is 1217 - 4a750?
-49534
In base 14, what is 3 + 4d51db?
4d5200
In base 9, what is -15 - 147262?
-147277
In base 7, what is 13534155336 + 4?
13534155343
In base 11, what is 1047140 + -4?
1047137
In base 15, what is 1d + -2e30?
-2e12
In base 14, what is -1c + -1117974?
-1117992
In base 15, what is 5 + 33b973d?
33b9743
In base 12, what is 13 + 8748978?
874898b
In base 14, what is 4 + -142adb?
-142ad7
In base 8, what is 440746 + 43?
441011
In base 11, what is -116318 - -159?
-11616a
In base 5, what is 4403 + -303142?
-243234
In base 11, what is 31693 + 24?
31707
In base 2, what is 1111110000111011100111 + 1000?
1111110000111011101111
In base 7, what is -65504 + 43265?
-22206
In base 14, what is -3 + -4aba78?
-4aba7b
In base 16, what is -2bd7 - 5337?
-7f0e
In base 13, what is 2 - 49c1a58?
-49c1a56
In base 4, what is -2100230200003 - 20?
-2100230200023
In base 14, what is 693d - -349?
6c88
In base 14, what is -2 + -384b03?
-384b05
In base 3, what is -12 - -12210100010020?
12210100010001
In base 13, what is 67 - -1aaa746?
1aaa7b0
In base 6, what is 40243 + -2130?
34113
In base 14, what is -128626 - -13?
-128613
In base 13, what is -137163b1 - -3?
-137163ab
In base 7, what is 14010 + 6436?
23446
In base 3, what is 12 + -20020012200210?
-20020012200121
In base 14, what is 9 - -918136?
918141
In base 2, what is -10101001010001101101 + 111111?
-10101001010000101110
In base 16, what is 1cd + 26b9?
2886
In base 3, what is -2110210201 + -21112010?
-2202022211
In base 7, what is -22 + 221555114?
221555062
In base 10, what is -100 - 1252886?
-1252986
In base 6, what is -112303 - 10015?
-122322
In base 9, what is -120 + -136072?
-136202
In base 16, what is -98 + -2ec67?
-2ecff
In base 6, what is -21543550 + 52?
-21543454
In base 6, what is 34 + 130300203?
130300241
In base 8, what is -467 - -1110047?
1107360
In base 14, what is -2 - 6d49c1?
-6d49c3
In base 7, what is 336064164 - -31?
336064225
In base 15, what is 1c4 - 83b5?
-81e1
In base 12, what is -151870 - -151?
-15171b
In base 4, what is -10 - -101201032212020?
101201032212010
In base 5, what is 43010341204 + 1?
43010341210
In base 16, what is 2e9 - -121c3?
124ac
In base 8, what is 110234 - -151?
110405
In base 7, what is 13021402 + 262?
13021664
In base 6, what is -5452133 + 11343?
-5440350
In base 9, what is -24745811 + -2?
-24745813
In base 12, what is -162607 - 49?
-162654
In base 9, what is -103148031 + -4?
-103148035
In base 15, what is 3432e - -2a?
34359
In base 8, what is 75 + 454347?
454444
In base 14, what is 199 - 3dd266?
-3dd0ab
In base 16, what is -3520a48f + 4?
-3520a48b
In base 7, what is 25 - 104334165?
-104334140
In base 7, what is -202 + 12542524?
12542322
In base 5, what is 31122033133 - 3?
31122033130
In base 5, what is 114 - -20201231?
20201400
In base 4, what is -100232 - 31213333?
-31320231
In base 9, what is 5 - 117853144?
-117853138
In base 8, what is -15 + 425440?
425423
In base 11, what is -a + 3a425?
3a416
In base 15, what is -7 - -1b81e?
1b817
In base 14, what is 5 - 6aad870?
-6aad869
In base 15, what is -1 + -64b457?
-64b458
In base 8, what is -432424 - -112?
-432312
In base 6, what is -234233 + 1323?
-232510
In base 4, what is 23101202 - 1112?
23100030
In base 16, what is -12681 - -25?
-1265c
In base 3, what is -2121021212110 + 11110?
-2121021201000
In base 9, what is 1 - -602545?
602546
In base 3, what is 100202 - 2011212112211?
-2011212012002
In base 14, what is 39c2 - -1767?
5349
In base 13, what is 32c58 - a0?
32b88
In base 12, what is 15139 - 3407?
11932
In base 12, what is -2543702 - 218?
-254391a
In base 5, what is 3143 - 13404011?
-13400313
In base 4, what is -100102202 - 11003?
-100113211
In base 9, what is -15176864 + 3?
-15176861
In base 16, what is 1 - -6607d8?
6607d9
In base 6, what is -2101033542 + 2?
-2101033540
In base 15, what is 2b3b0a - -53?
2b3b5d
In base 16, what is 7188 + ef?
7277
In base 3, what is 2012022010212 + 1001?
2012022011220
In base 3, what is -1 - 2022011022100111?
-2022011022100112
In base 9, what is 3854 + -5606?
-1642
In base 3, what is -100211100 - -11010102?
-12200221
In base 15, what is 715bb9 + -1d?
715b9b
In base 10, what is -831 + 49106?
48275
In base 15, what is -27d7741 + -4?
-27d7745
In base 3, what is -1001100121101020 + -2?
-1001100121101022
In base 2, what is -11 + -100000000011011100111?
-100000000011011101010
In base 11, what is 2 + -3a5063?
-3a5061
In base 4, what is -13 + 213110112?
213110033
In base 10, what is -22776308 + -3?
-22776311
In base 6, what is -21313210 + -35?
-21313245
In base 7, what is 306 - -3206645?
3210254
In base 9, what is 602121 - -276?
602407
In base 13, what is -7 + 3c79c?
3c795
In base 6, what is 2 + 115444522?
115444524
In base 3, what is -21111220111 + -110101?
-21112100212
In base 9, what is -2 - -15367303?
15367301
In base 6, what is 4155233 + -1312?
4153521
In base 2, what is -1 + 110111001110111000010010011?
110111001110111000010010010
In base 4, what is 10 - 10020132212322?
-10020132212312
In base 16, what is -9b - 3d2f1?
-3d38c
In base 12, what is -1814 + 3307?
16b3
In base 11, what is 2601 + 2488?
4a89
In base 13, what is -13 + -87c3829?
-87c383c
In base 10, what is -110008 - -7?
-110001
In base 10, what is 634 + -1041?
-407
In base 15, what is -14d + a2d?
8d0
In base 7, what is 52 + -504134?
-504052
In base 12, what is 1 - -14b27a5?
14b27a6
In base 10, what is 506009319 + 5?
506009324
In base 13, what is -5 + 11a8b385?
11a8b380
In base 10, what is -587191 - 12?
-587203
In base 13, what is 4171 - -35a?
44cb
In base 5, what is -23020 - -113143?
40123
In base 2, what is 10 - -10010010111001011010010010?
10010010111001011010010100
In base 10, what is -191454 + 41?
-191413
In base 2, what is -11100 - 101000100111111011000010?
-101000100111111011011110
In base 13, what is -1 + -a69527?
-a69528
In base 11, what is 7483384 - 2?
7483382
In base 3, what is -221 - -12110211222?
12110211001
In base 4, what is 132 + -22202222?
-22202030
In base 12, what is -2 - 56b65?
-56b67
In base 5, what is -13212 + -431403?
-1000120
In base 7, what is -5031102021 + 3?
-5031102015
In base 4, what is 10 - -11113332130?
11113332200
In base 3, what is -21 - 20102010201102110?
-20102010201102201
In base 12, what is 853b + 1056?
9595
In base 4, what is -2203322133 - 12301?
-2210001100
In base 15, what is 7c2d - -be?
7cec
In base 16, what is -5e - 55aa50?
-55aaae
In base 10, what is 28002 - 9?
27993
In base 15, what is -42 + 4a637c?
4a633a
In base 10, what is -6 + 9914821?
9914815
In base 8, what is 16425030 + -403?
16424425
In base 7, what is 362 + 251503?
252165
In base 7, what is 161561 + 402?
162263
In base 16, what is 9652 + -9cf?
8c83
In base 8, what is 53 + -151740?
-151665
In base 10, what is -29041462 - -3?
-29041459
In base 6, what is 5 - 205104423?
-205104414
In base 14, what is -134 + 25a9d?
25969
In base 15, what is 45312d - -113?
453241
In base 16, what is -a - -f27d72?
f27d68
In base 11, what is -2169a42 + 7?
-2169a36
In base 10, what is 6811 - 763?
6048
In base 11, what is -33937a - 3?
-339382
In base 16, what is 24 + -e9583?
-e955f
In base 16, what is 2 - a86b?
-a869
In base 9, what is -1570033 - -14?
-1570018
In base 15, what is e + 5cd254?
5cd263
In base 2, what is 100000 + 1000011010000?
1000011110000
In base 7, what is 11 - -2300354?
2300365
In base 7, what is -36302001 - 16?
-36302020
In base 4, what is -1231030320 + -30?
-1231031010
In base 2, what is 111101100010010011010 + 11010000?
111101100010101101010
In base 12, what is -4114 - -881?
-3453
In base 12, what is 1071b6 - -54?
10724a
In base 15, what is 1d090a1 + 11?
1d090b2
In base 4, what is 102112 - -23002322?
23111100
In base 8, what is -1557 - -37675?
36116
In base 11, what is 1 + 77583a7?
77583a8
In base 16, what is -3bbf - -b9?
-3b06
In base 15, what is 3 - -67d789?
67d78c
In base 6, what is 140 + 2032430?
2033010
In base 16, 